e 0 = 9*q - 4*q - w. What is the units digit of (-1)/2 - (-100)/q?
2
Let i(n) = 10*n**2 - 31*n - 13. What is the tens digit of i(-8)?
7
What is the thousands digit of (-1)/(-2) - (-37104)/128*4?
1
Suppose -28 = -3*n + 2. Suppose -3*h + 4 = 4*c - 0, 0 = -5*c - n. Suppose -3*i = -3*f + 60, h*i - 64 = 4*f - 9*f. What is the tens digit of f?
1
Suppose 0 = -4*g - 11 + 19. Suppose -g*j + 44 = -86. What is the tens digit of j?
6
Suppose -4*m - 3*r + 6*r = 0, -m - 4*r = 0. Suppose m*n = 5*s + 4*n, -5*n - 17 = 2*s. Suppose 0 = 2*i - 0*i, -i + 84 = s*t. What is the units digit of t?
1
Suppose 5*d = -2*s + 2*d + 1732, -3*s - 2*d = -2588. What is the hundreds digit of s?
8
Let j = 10450 + -6767. What is the units digit of j?
3
Let h(s) = 2971*s - 244. What is the thousands digit of h(2)?
5
Let w be (-1148)/(-8) - (-3)/6. Let u = 304 - w. What is the tens digit of u?
6
Let n(g) = -4*g - 9. Let o(c) = -c. Let y(k) = -n(k) + 5*o(k). Let t be y(9). Suppose -5 = -2*h + 4*j - 5*j, 2*j - 2 = t. What is the units digit of h?
2
Let p(f) = -5*f**2 + 8*f - 2. Let n be p(3). Let v = n - -42. Suppose -2*o = -v - 57. What is the units digit of o?
8
Let a(h) = -7*h**3 + h**3 + 7*h**3. Let f(x) = 3*x**2 - 4*x. Let t(o) = a(o) + f(o). What is the tens digit of t(-3)?
1
Let w be ((-332)/(-16))/(1/(-4)). Let j = -24 - w. What is the tens digit of j?
5
Let u(q) = 7*q - 4. Let v(f) = -f + 1. Let b(c) = 3*u(c) + 15*v(c). Let m(w) = -5*w - 2. Let x(z) = -4*b(z) - 5*m(z). What is the units digit of x(5)?
3
Let s = -1283 - -2857. What is the tens digit of s?
7
Let w(o) be the first derivative of 2*o**3/3 + o**2/2 + o - 10. What is the units digit of w(-1)?
2
Let u(v) = v - 5. Let f be u(-7). Let o(d) be the second derivative of -d**4/12 - 5*d**3/2 - 11*d**2 + 21*d. What is the tens digit of o(f)?
1
Let d(c) = -c**2 - 40*c - 33. What is the hundreds digit of d(-21)?
3
Let b(i) = -i**3 - i**2 + 12*i + 6. Suppose 0 = 3*t - t + 12. Let j be b(t). Let h = j + -63. What is the tens digit of h?
5
Let i be 298/14 - 2/7. Suppose -4*l - 3*z = 63, -l - 2*z - 22 = -0*z. What is the units digit of ((-56)/i)/(2/l)?
6
Let o be 2/5 + 13/5. Suppose o*h = 8*h - 25. Suppose -4*q = 3*v - 235 + 45, -3*v + h*q + 154 = 0. What is the tens digit of v?
5
Let j(v) = -2*v**2 + 6*v + 1. Let a be j(2). Suppose -5*h = -2*p + 33, 0*h - a*h + 25 = 0. What is the units digit of p?
9
Let w = -24 - -135. What is the hundreds digit of w?
1
Let s = -16 + 3797. What is the thousands digit of s?
3
What is the units digit of 87/464*(-2)/(-3)*15784?
3
Suppose 2410 = -3*t + 625. Let r be (t/4)/5*8. What is the units digit of r/35*(-10)/4?
7
Let t = -12 - -12. Let w be -2 - t - (-4 + -1). Suppose 53 = 2*y - w*i, y = -i + 15 + 9. What is the units digit of y?
5
Suppose -4*s - 35 = -51. Suppose 5*u + 140 = 5*f, 4*f = -f - s*u + 185. What is the tens digit of f?
3
Let w be ((-5133)/(-116))/(3/64). Suppose 0 = q + 2*d - 232, 5*d - d - w = -4*q. What is the units digit of q?
0
Let v(j) = -j**3 + 15*j**2 - 5*j - 6. Let m be 2/(13/(-7) - -2). Let n be v(m). Suppose 0*u - n = -3*u. What is the tens digit of u?
4
Let d = -20 + 26. Suppose -y - 20 = -d*y. What is the units digit of y?
4
Let i(c) = 5*c**3 - 6*c + 4. Let l be i(2). Let p = l + 13. What is the units digit of p?
5
Let m(k) = k**3 - 3*k + 3. Let y be m(2). Suppose 5*w - 2*q - 613 + 36 = 0, -3*w - q = -344. Suppose y*t = 10*t - w. What is the units digit of t?
3
Suppose 0 = -5*u - 3*i - 5, -5*u + u = -i - 13. Let c(v) = -16*v**u + 26*v**2 - 11*v**2 + 12. What is the units digit of c(0)?
2
Suppose 5*s + 4*k - 3*k - 4459 = 0, -5*k = -3*s + 2681. What is the units digit of s?
2
Suppose 72*c - 69*c - 72 = 0. What is the tens digit of c?
2
Suppose -13 = -3*a - 2*l, -l + 2 + 17 = 4*a. Suppose -2 - a = -y. What is the units digit of y?
7
What is the units digit of -2045*(2 - (-88)/(-40))?
9
Let l(a) = a**2 + 19 + 7*a**3 + 3*a + 0*a**2 - 15 - 3*a**2. What is the hundreds digit of l(3)?
1
Let m = -14 - -14. Suppose -79 - 113 = -5*p + d, -p + d + 40 = m. What is the units digit of p - (-1 - (-3)/1)?
6
Let o(c) = 4*c + 73. What is the units digit of o(27)?
1
Let i(n) = -155*n - 252. What is the tens digit of i(-11)?
5
Let z be 2/4 + (-750)/(-4). Let t = 279 - z. Suppose -q = 6*q - t. What is the tens digit of q?
1
Suppose n = 0, 0 = -3*q - 7*n + 2*n + 1002. What is the tens digit of q?
3
Let p(m) = 131*m - 272. What is the tens digit of p(5)?
8
Suppose -2*p - 3*p + 3*i = -54, -3*p - i + 24 = 0. What is the units digit of (-3)/(p/(-30)) + -3?
7
Suppose 0 = -5*b + 814 + 616. What is the hundreds digit of b?
2
Let v = 247 + 137. What is the tens digit of v?
8
Suppose -a - 2*p - 2 + 35 = 0, -3*a = 3*p - 93. Let u = 47 - 50. Let f = a + u. What is the units digit of f?
6
Suppose 3*d = -4*i + 429, i + 5*d = -i + 225. Suppose l + 3*l = -5*u + 15, 3*l - 5*u - 20 = 0. Suppose 15 = l*w - i. What is the units digit of w?
4
Let n(t) = t**2 - 10*t + 10. Let y(q) = -q**3 - 9*q**2 - 10*q - 3. Let s be y(-8). Let j be n(s). What is the units digit of (j/(-14))/((-2)/20)?
5
Let z be ((-1)/3 + -1)*(-744)/16. Let k = z + -24. What is the units digit of k?
8
Suppose 10*g - 91 = 11*g. Let h = g + 103. What is the units digit of h?
2
Let p(c) = c**3 - 4*c**2 - 6*c - 16. Suppose g = 6 - 0. What is the tens digit of p(g)?
2
Let c = 0 - -5. Suppose -56 = 4*a + 3*n, -c*n + 12 = -3*a - 1. Let d = 28 + a. What is the units digit of d?
7
Let l(b) = 7*b**2 + 8*b + 10. Let n be l(-2). Suppose 25*s = n*s + 162. What is the units digit of s?
4
Suppose -4*g + 5*p + 35 = 0, 2*g - 5*p + 3*p - 16 = 0. Let y be (1 - 42) + g/5. What is the tens digit of y/12*(-144)/15?
3
Suppose -3*v - 1225 = -8*v - 3*h, 3*v = -3*h + 741. What is the units digit of v?
2
Suppose -5*a = 15 - 10. What is the units digit of (6 - 5)*(-67)/a?
7
Let t(i) = 10*i**3 + 9*i**2 + 23*i - 206. What is the hundreds digit of t(6)?
4
Suppose 3 = t - 1, 1824 = 5*r + t. Suppose 0 = m + m - r. What is the hundreds digit of m?
1
Let p = -27 + -49. Let i = 79 - 133. Let s = i - p. What is the units digit of s?
2
Let r(i) = i**2 - i - 5. Let p be r(0). What is the tens digit of ((-188)/p)/(51/15 - 3)?
9
Suppose 0 = -m - 3*g - 0*g + 31, 2*m - 5*g - 62 = 0. Let z = m + -31. What is the units digit of 25 + (z - 2) + 0?
3
Suppose 4*o = 4063 + 77. What is the tens digit of o?
3
Let s(m) = -m**3 + 10*m**2 - 9*m + 1. Let x be s(9). Suppose -3*k + x = -8. Suppose 49 = k*o + z, 0 = -o + 3*o + 3*z - 21. What is the tens digit of o?
1
Let r(s) = s**3 - s**2 - 16. Let q be r(0). Let b(w) = w**2 + 17*w + 23. What is the units digit of b(q)?
7
Let g(r) = 3. Let j(q) = -5 + 4 + q**2 - q - 2*q**2. Let k(p) = -g(p) - 2*j(p). What is the tens digit of k(-4)?
2
Let o(j) = -7*j**2 - 3*j - 2. Let a be o(3). Let f = -34 - a. What is the tens digit of f?
4
Suppose 3 = 3*m - 2*y, 0*m + 5*m + 4*y - 27 = 0. Suppose s = u + 9, -s - m*u = s + 2. Suppose -i + 3 = s*r - 8, 2*r + 46 = 2*i. What is the tens digit of i?
2
Let o(j) = 3*j**2 - 67*j - 206. What is the tens digit of o(-3)?
2
Suppose -2 - 18 = -4*f. Let l(s) = s**3 + 5*s**2 - 9*s - 9. Let w be l(-6). Let z = w - f. What is the units digit of z?
4
Let v(f) = -f**3 + 12*f**2 - 11*f + 9. Let h be (-12)/4 + 39/3. What is the tens digit of v(h)?
9
Let p = 25 - 28. Let b(s) = 39*s**2 - s + 6. Let a be b(p). Suppose -a = -4*x - 2*x. What is the tens digit of x?
6
Let w be (-54)/4*1*2. Let g = -205 + 244. Let z = w + g. What is the units digit of z?
2
What is the hundreds digit of (11637/(-9))/(-3) - -3?
4
What is the tens digit of (-6)/(-6)*-1*-65?
6
Suppose -2*h = -o - 83, o = -h - 0*o + 37. Suppose -b = 4*b - h. Suppose -b*q + 5*q + 138 = 0. What is the units digit of q?
6
Suppose -3*v = -2*v - 2*r - 694, 3470 = 5*v + r. What is the tens digit of v?
9
Suppose -t - j - 4*j + 24 = 0, -4*t = j - 20. Suppose -36 - t = -5*m. What is the units digit of m/(-2 + -2) - -13?
1
Suppose 3*d - 8*d + 22 = 4*q, 2*d + 11 = 5*q. Suppose -d*g + 46 = -46. What is the tens digit of g?
4
Let u be 0/((-6)/(-12)*(-8)/(-2)). Suppose 5*k - 41 = -4*o, 4*k + 4*o - 2*o - 34 = u. What is the units digit of k?
9
Let b = 13 + 332. Suppose -4*z + 385 = 5*u, -5*u - 60 = 3*z - b. What is the units digit of z?
0
Suppose -5*h = 2*u - 571, h = -u - 49 + 336. What is